{"id":543,"date":"2024-12-30T23:55:44","date_gmt":"2024-12-30T23:55:44","guid":{"rendered":"https:\/\/visit-congordc.com\/?page_id=543"},"modified":"2025-02-04T11:25:08","modified_gmt":"2025-02-04T11:25:08","slug":"le-haut-katanga","status":"publish","type":"page","link":"https:\/\/visit-congordc.com\/?page_id=543","title":{"rendered":"Le Haut KATANGA"},"content":{"rendered":"\n<div class=\"wp-block-uagb-container uagb-block-dba51ef7 alignfull uagb-is-root-container\"><div class=\"uagb-container-inner-blocks-wrap\"><\/div><\/div>\n\n\n\n<div class=\"wp-block-uagb-container uagb-block-be6af877 alignfull uagb-is-root-container\"><div class=\"uagb-container-inner-blocks-wrap\">\n<div class=\"wp-block-group is-layout-constrained wp-container-core-group-is-layout-a5588b2a wp-block-group-is-layout-constrained\" style=\"padding-top:var(--wp--preset--spacing--70);padding-right:var(--wp--preset--spacing--50);padding-bottom:var(--wp--preset--spacing--70);padding-left:var(--wp--preset--spacing--50)\">\n<figure style=\"padding-top:var(--wp--preset--spacing--50);padding-right:var(--wp--preset--spacing--50);padding-bottom:var(--wp--preset--spacing--50);padding-left:var(--wp--preset--spacing--50)\" class=\"wp-block-video\"><video height=\"1024\" style=\"aspect-ratio: 576 \/ 1024;\" width=\"576\" autoplay controls loop src=\"https:\/\/visit-congordc.com\/wp-content\/uploads\/2025\/02\/Lubumbashi-\ud83d\udccd-voirlecongo-congo-lubumbashi-katanga-fyp-rdcongo\ud83c\udde8\ud83c\udde9-visitcongo-kinshasa\ud83c\udde8\ud83c\udde9-pourtoi.mp4\" playsinline><\/video><\/figure>\n<\/div>\n<\/div><\/div>\n\n\n\n<div class=\"wp-block-uagb-container uagb-block-6bc8a2f0 alignfull uagb-is-root-container\"><div class=\"uagb-container-inner-blocks-wrap\"><\/div><\/div>\n\n\n\n<p><\/p>\n\n\n\n<details class=\"wp-block-details alignwide is-layout-flow wp-block-details-is-layout-flow\"><summary>Le <strong><a href=\"https:\/\/caid.cd\/?page_id=5262\">Haut-Katanga<\/a><\/strong>, situ\u00e9 au sud-est de la R\u00e9publique d\u00e9mocratique du Congo, est une province cr\u00e9\u00e9e en 2015 \u00e0 partir de l&rsquo;ancienne province du Katanga. Sa capitale est Lubumbashi, la plus grande ville de la r\u00e9gion. Avec une superficie de 132 425 km\u00b2, le Haut-Katanga est riche en ressources naturelles, notamment en cuivre et en cobalt, ce qui en fait une r\u00e9gion cl\u00e9 pour l&rsquo;industrie mini\u00e8re. <\/summary>\n<p>Avec une superficie de 132 425 km\u00b2, le Haut-Katanga est riche en ressources naturelles, notamment en cuivre et en cobalt, ce qui en fait une r\u00e9gion cl\u00e9 pour l&rsquo;industrie mini\u00e8re. La province est \u00e9galement connue pour ses terres arables et ses p\u00e2turages, favorisant l&rsquo;agriculture et l&rsquo;\u00e9levage. Le climat varie entre une saison s\u00e8che d&rsquo;avril \u00e0 septembre et une saison pluvieuse d&rsquo;octobre \u00e0 avril. Le Haut-Katanga est caract\u00e9ris\u00e9 par des cha\u00eenes de montagnes, des plateaux et plusieurs lacs et cours d&rsquo;eau importants.<\/p>\n<\/details>\n\n\n\n<div class=\"wp-block-uagb-container uagb-block-fdf6ea40 alignfull uagb-is-root-container\"><div class=\"uagb-container-inner-blocks-wrap\"><\/div><\/div>\n\n\n\n<div class=\"wp-block-uagb-container uagb-block-e669502e alignfull uagb-is-root-container\"><div class=\"uagb-container-inner-blocks-wrap\"><\/div><\/div>\n","protected":false},"excerpt":{"rendered":"","protected":false},"author":1,"featured_media":0,"parent":0,"menu_order":0,"comment_status":"closed","ping_status":"closed","template":"","meta":{"_uag_custom_page_level_css":"","footnotes":""},"class_list":["post-543","page","type-page","status-publish","hentry"],"uagb_featured_image_src":{"full":false,"thumbnail":false,"medium":false,"medium_large":false,"large":false,"1536x1536":false,"2048x2048":false},"uagb_author_info":{"display_name":"m23011596","author_link":"https:\/\/visit-congordc.com\/?author=1"},"uagb_comment_info":0,"uagb_excerpt":null,"_links":{"self":[{"href":"https:\/\/visit-congordc.com\/index.php?rest_route=\/wp\/v2\/pages\/543","targetHints":{"allow":["GET"]}}],"collection":[{"href":"https:\/\/visit-congordc.com\/index.php?rest_route=\/wp\/v2\/pages"}],"about":[{"href":"https:\/\/visit-congordc.com\/index.php?rest_route=\/wp\/v2\/types\/page"}],"author":[{"embeddable":true,"href":"https:\/\/visit-congordc.com\/index.php?rest_route=\/wp\/v2\/users\/1"}],"replies":[{"embeddable":true,"href":"https:\/\/visit-congordc.com\/index.php?rest_route=%2Fwp%2Fv2%2Fcomments&post=543"}],"version-history":[{"count":22,"href":"https:\/\/visit-congordc.com\/index.php?rest_route=\/wp\/v2\/pages\/543\/revisions"}],"predecessor-version":[{"id":1843,"href":"https:\/\/visit-congordc.com\/index.php?rest_route=\/wp\/v2\/pages\/543\/revisions\/1843"}],"wp:attachment":[{"href":"https:\/\/visit-congordc.com\/index.php?rest_route=%2Fwp%2Fv2%2Fmedia&parent=543"}],"curies":[{"name":"wp","href":"https:\/\/api.w.org\/{rel}","templated":true}]}}