{"id":374,"date":"2024-12-16T11:35:33","date_gmt":"2024-12-16T11:35:33","guid":{"rendered":"https:\/\/gislain-dieu-donne-makwinj-etu.pedaweb.univ-amu.fr\/wordpress\/?page_id=374"},"modified":"2025-01-13T15:53:12","modified_gmt":"2025-01-13T15:53:12","slug":"la-chute-de-zongo","status":"publish","type":"page","link":"https:\/\/visit-congordc.com\/?page_id=374","title":{"rendered":"Les chutes de Zongo"},"content":{"rendered":"\n<div class=\"wp-block-uagb-container uagb-block-3960b2e2 alignfull uagb-is-root-container\"><div class=\"uagb-container-inner-blocks-wrap\"><\/div><\/div>\n\n\n\n<div class=\"wp-block-uagb-container uagb-block-36b28ad7 alignfull uagb-is-root-container\"><div class=\"uagb-container-inner-blocks-wrap\"><\/div><\/div>\n\n\n\n<div class=\"wp-block-uagb-container uagb-block-05f9ad78 alignfull uagb-is-root-container\"><div class=\"uagb-container-inner-blocks-wrap\"><\/div><\/div>\n\n\n\n<figure class=\"wp-block-image aligncenter size-large has-custom-border\"><img fetchpriority=\"high\" decoding=\"async\" width=\"1024\" height=\"640\" src=\"https:\/\/visit-congordc.com\/wp-content\/uploads\/2024\/12\/ZONGO-1024x640.png\" alt=\"\" class=\"wp-image-511\" style=\"border-radius:20px\" srcset=\"https:\/\/visit-congordc.com\/wp-content\/uploads\/2024\/12\/ZONGO-1024x640.png 1024w, https:\/\/visit-congordc.com\/wp-content\/uploads\/2024\/12\/ZONGO-300x188.png 300w, https:\/\/visit-congordc.com\/wp-content\/uploads\/2024\/12\/ZONGO-768x480.png 768w, https:\/\/visit-congordc.com\/wp-content\/uploads\/2024\/12\/ZONGO.png 1440w\" sizes=\"(max-width: 1024px) 100vw, 1024px\" \/><\/figure>\n\n\n\n<div class=\"wp-block-uagb-container uagb-block-56c996d5 alignfull uagb-is-root-container\"><div class=\"uagb-container-inner-blocks-wrap\"><\/div><\/div>\n\n\n\n<div class=\"wp-block-uagb-container uagb-block-762afb39 alignfull uagb-is-root-container\"><div class=\"uagb-container-inner-blocks-wrap\"><\/div><\/div>\n\n\n\n<p><\/p>\n\n\n\n<details class=\"wp-block-details alignwide is-layout-flow wp-block-details-is-layout-flow\"><summary>Les\u00a0<strong>chutes de Zongo<\/strong>\u00a0sont situ\u00e9es sur la rivi\u00e8re Inkisi en R\u00e9publique d\u00e9mocratique du Congo. Elles se trouvent \u00e0 environ 135 km de Kinshasa. Ces chutes sont l&rsquo;un des plus grands sites touristiques du pays, offrant un spectacle naturel impressionnant avec une hauteur totale de 65 m\u00e8tres.<\/summary>\n<p>Les chutes de Zongo sont entour\u00e9es d&rsquo;une v\u00e9g\u00e9tation luxuriante et offrent des opportunit\u00e9s de randonn\u00e9e et d&rsquo;exploration. Elles sont \u00e9galement proches du barrage hydro\u00e9lectrique de Zongo, qui joue un r\u00f4le important dans la r\u00e9gion. C&rsquo;est un endroit magnifique pour les amoureux de la nature et ceux qui cherchent \u00e0 d\u00e9couvrir les merveilles naturelles de la RDC.<\/p>\n<\/details>\n","protected":false},"excerpt":{"rendered":"","protected":false},"author":1,"featured_media":0,"parent":0,"menu_order":0,"comment_status":"closed","ping_status":"closed","template":"","meta":{"_uag_custom_page_level_css":"","footnotes":""},"class_list":["post-374","page","type-page","status-publish","hentry"],"uagb_featured_image_src":{"full":false,"thumbnail":false,"medium":false,"medium_large":false,"large":false,"1536x1536":false,"2048x2048":false},"uagb_author_info":{"display_name":"m23011596","author_link":"https:\/\/visit-congordc.com\/?author=1"},"uagb_comment_info":0,"uagb_excerpt":null,"_links":{"self":[{"href":"https:\/\/visit-congordc.com\/index.php?rest_route=\/wp\/v2\/pages\/374","targetHints":{"allow":["GET"]}}],"collection":[{"href":"https:\/\/visit-congordc.com\/index.php?rest_route=\/wp\/v2\/pages"}],"about":[{"href":"https:\/\/visit-congordc.com\/index.php?rest_route=\/wp\/v2\/types\/page"}],"author":[{"embeddable":true,"href":"https:\/\/visit-congordc.com\/index.php?rest_route=\/wp\/v2\/users\/1"}],"replies":[{"embeddable":true,"href":"https:\/\/visit-congordc.com\/index.php?rest_route=%2Fwp%2Fv2%2Fcomments&post=374"}],"version-history":[{"count":8,"href":"https:\/\/visit-congordc.com\/index.php?rest_route=\/wp\/v2\/pages\/374\/revisions"}],"predecessor-version":[{"id":943,"href":"https:\/\/visit-congordc.com\/index.php?rest_route=\/wp\/v2\/pages\/374\/revisions\/943"}],"wp:attachment":[{"href":"https:\/\/visit-congordc.com\/index.php?rest_route=%2Fwp%2Fv2%2Fmedia&parent=374"}],"curies":[{"name":"wp","href":"https:\/\/api.w.org\/{rel}","templated":true}]}}