{"id":369,"date":"2024-12-16T11:30:07","date_gmt":"2024-12-16T11:30:07","guid":{"rendered":"https:\/\/gislain-dieu-donne-makwinj-etu.pedaweb.univ-amu.fr\/wordpress\/?page_id=369"},"modified":"2025-01-15T10:35:15","modified_gmt":"2025-01-15T10:35:15","slug":"le-parc-de-virunga","status":"publish","type":"page","link":"https:\/\/visit-congordc.com\/?page_id=369","title":{"rendered":"Le parc de Virunga"},"content":{"rendered":"\n<div class=\"wp-block-uagb-container uagb-block-93d46b3c alignfull uagb-is-root-container\"><div class=\"uagb-container-inner-blocks-wrap\">\n<div class=\"wp-block-uagb-container uagb-block-5812b30d\"><\/div>\n<\/div><\/div>\n\n\n\n<figure class=\"wp-block-image aligncenter size-full has-custom-border\"><img fetchpriority=\"high\" decoding=\"async\" width=\"1440\" height=\"900\" src=\"https:\/\/visit-congordc.com\/wp-content\/uploads\/2024\/12\/PARC-DE-VIRUNGA.png\" alt=\"\" class=\"wp-image-510\" style=\"border-radius:20px\" srcset=\"https:\/\/visit-congordc.com\/wp-content\/uploads\/2024\/12\/PARC-DE-VIRUNGA.png 1440w, https:\/\/visit-congordc.com\/wp-content\/uploads\/2024\/12\/PARC-DE-VIRUNGA-300x188.png 300w, https:\/\/visit-congordc.com\/wp-content\/uploads\/2024\/12\/PARC-DE-VIRUNGA-1024x640.png 1024w, https:\/\/visit-congordc.com\/wp-content\/uploads\/2024\/12\/PARC-DE-VIRUNGA-768x480.png 768w\" sizes=\"(max-width: 1440px) 100vw, 1440px\" \/><figcaption class=\"wp-element-caption\"><strong>Les gorilles des montagnes<\/strong><\/figcaption><\/figure>\n\n\n\n<div class=\"wp-block-uagb-container uagb-block-32484adb alignfull uagb-is-root-container\"><div class=\"uagb-container-inner-blocks-wrap\">\n<div class=\"wp-block-uagb-container uagb-block-7673bc08\"><\/div>\n<\/div><\/div>\n\n\n\n<div class=\"wp-block-group alignwide is-layout-constrained wp-block-group-is-layout-constrained\">\n<details class=\"wp-block-details alignwide is-layout-flow wp-block-details-is-layout-flow\"><summary>Le <strong>parc national des Virunga<\/strong>, situ\u00e9 \u00e0 l&rsquo;est de la R\u00e9publique d\u00e9mocratique du Congo, est le plus ancien parc national d&rsquo;Afrique, cr\u00e9\u00e9 en 1925. Il s&rsquo;\u00e9tend sur environ 7 900 km\u00b2 et comprend des montagnes, des volcans actifs comme le Nyiragongo et le Nyamuragira, ainsi qu&rsquo;une partie du lac \u00c9douard. Ce parc est renomm\u00e9 pour sa biodiversit\u00e9 exceptionnelle, abritant des esp\u00e8ces rares telles que les gorilles des montagnes, les chimpanz\u00e9s et de nombreux hippopotames. Il est inscrit au patrimoine mondial de l&rsquo;UNESCO depuis 1979. On y trouve des gorilles des montagnes, une esp\u00e8ce menac\u00e9e, avec environ 350 individus vivant dans le parc. <\/summary>\n<p>Ces gorilles habitent principalement les for\u00eats de montagne, o\u00f9 ils trouvent une v\u00e9g\u00e9tation dense pour se nourrir. Les groupes de gorilles, appel\u00e9s troupes, sont dirig\u00e9s par un m\u00e2le dominant connu sous le nom de dos argent\u00e9. Principalement herbivores, ils se nourrissent de feuilles, de tiges, de fruits et de pousses. Tr\u00e8s sociaux, ils utilisent des expressions faciales, des appels et des gestes pour communiquer. Le parc des Virunga joue un r\u00f4le crucial dans la protection de ces animaux, notamment \u00e0 travers des efforts de conservation et des programmes de surveillance.<\/p>\n<\/details>\n<\/div>\n\n\n\n<div class=\"wp-block-uagb-container uagb-block-e5723fb3 alignfull uagb-is-root-container\"><div class=\"uagb-container-inner-blocks-wrap\"><\/div><\/div>\n\n\n\n<div class=\"wp-block-uagb-container uagb-block-6d901811 alignfull uagb-is-root-container\"><div class=\"uagb-container-inner-blocks-wrap\"><\/div><\/div>\n\n\n\n<div class=\"wp-block-uagb-container uagb-block-97fe91aa alignfull uagb-is-root-container\"><div class=\"uagb-container-inner-blocks-wrap\"><\/div><\/div>\n\n\n\n<div class=\"wp-block-uagb-container uagb-block-0967cb0d alignfull uagb-is-root-container\"><div class=\"uagb-container-inner-blocks-wrap\"><\/div><\/div>\n\n\n\n<div class=\"wp-block-media-text alignwide is-stacked-on-mobile is-vertically-aligned-top\"><figure class=\"wp-block-media-text__media\"><img decoding=\"async\" width=\"317\" height=\"722\" src=\"https:\/\/visit-congordc.com\/wp-content\/uploads\/2024\/12\/selfie.png\" alt=\"\" class=\"wp-image-453 size-full\" srcset=\"https:\/\/visit-congordc.com\/wp-content\/uploads\/2024\/12\/selfie.png 317w, https:\/\/visit-congordc.com\/wp-content\/uploads\/2024\/12\/selfie-132x300.png 132w\" sizes=\"(max-width: 317px) 100vw, 317px\" \/><\/figure><div class=\"wp-block-media-text__content\">\n<p>La photo selfie de Mathieu Shamavu avec deux gorilles des montagnes orphelins, Ndakazi et Ndeze, a \u00e9t\u00e9 prise dans le parc national des Virunga en 2019 et est rapidement devenue virale. Cette image montre les deux gorilles debout derri\u00e8re Shamavu, imitant sa posture, ce qui a captiv\u00e9 l&rsquo;attention du public mondial.<\/p>\n\n\n\n<p>Mathieu Shamavu est un garde forestier d\u00e9vou\u00e9 qui travaille au centre Senkwekwe du parc, o\u00f9 il prend soin des gorilles orphelins. Ndakazi et Ndeze ont \u00e9t\u00e9 secourues apr\u00e8s que leurs parents ont \u00e9t\u00e9 tu\u00e9s par des braconniers. Le centre Senkwekwe est le seul endroit au monde o\u00f9 les gorilles des montagnes orphelins sont pris en charge. Cette photo a non seulement mis en lumi\u00e8re le travail crucial des gardes forestiers dans la protection des gorilles, mais elle a aussi sensibilis\u00e9 le public aux d\u00e9fis auxquels ces animaux sont confront\u00e9s, notamment le braconnage et la destruction de leur habitat.<\/p>\n<\/div><\/div>\n\n\n\n<div class=\"wp-block-uagb-container uagb-block-7b5533e0 alignfull uagb-is-root-container\"><div class=\"uagb-container-inner-blocks-wrap\"><\/div><\/div>\n\n\n\n<div class=\"wp-block-uagb-container uagb-block-184dda4f alignfull uagb-is-root-container\"><div class=\"uagb-container-inner-blocks-wrap\"><\/div><\/div>\n\n\n\n<div class=\"wp-block-uagb-container uagb-block-1409d1ad alignfull uagb-is-root-container\"><div class=\"uagb-container-inner-blocks-wrap\"><\/div><\/div>\n","protected":false},"excerpt":{"rendered":"<p>La photo selfie de Mathieu Shamavu avec deux gorilles des montagnes orphelins, Ndakazi et Ndeze, a \u00e9t\u00e9 prise dans le parc national des Virunga en 2019 et est rapidement devenue virale. Cette image montre les deux gorilles debout derri\u00e8re Shamavu, imitant sa posture, ce qui a captiv\u00e9 l&rsquo;attention du public mondial. Mathieu Shamavu est un [&hellip;]<\/p>\n","protected":false},"author":1,"featured_media":0,"parent":0,"menu_order":0,"comment_status":"closed","ping_status":"closed","template":"","meta":{"_uag_custom_page_level_css":"","footnotes":""},"class_list":["post-369","page","type-page","status-publish","hentry"],"uagb_featured_image_src":{"full":false,"thumbnail":false,"medium":false,"medium_large":false,"large":false,"1536x1536":false,"2048x2048":false},"uagb_author_info":{"display_name":"m23011596","author_link":"https:\/\/visit-congordc.com\/?author=1"},"uagb_comment_info":0,"uagb_excerpt":"La photo selfie de Mathieu Shamavu avec deux gorilles des montagnes orphelins, Ndakazi et Ndeze, a \u00e9t\u00e9 prise dans le parc national des Virunga en 2019 et est rapidement devenue virale. Cette image montre les deux gorilles debout derri\u00e8re Shamavu, imitant sa posture, ce qui a captiv\u00e9 l&rsquo;attention du public mondial. Mathieu Shamavu est un&hellip;","_links":{"self":[{"href":"https:\/\/visit-congordc.com\/index.php?rest_route=\/wp\/v2\/pages\/369","targetHints":{"allow":["GET"]}}],"collection":[{"href":"https:\/\/visit-congordc.com\/index.php?rest_route=\/wp\/v2\/pages"}],"about":[{"href":"https:\/\/visit-congordc.com\/index.php?rest_route=\/wp\/v2\/types\/page"}],"author":[{"embeddable":true,"href":"https:\/\/visit-congordc.com\/index.php?rest_route=\/wp\/v2\/users\/1"}],"replies":[{"embeddable":true,"href":"https:\/\/visit-congordc.com\/index.php?rest_route=%2Fwp%2Fv2%2Fcomments&post=369"}],"version-history":[{"count":26,"href":"https:\/\/visit-congordc.com\/index.php?rest_route=\/wp\/v2\/pages\/369\/revisions"}],"predecessor-version":[{"id":1058,"href":"https:\/\/visit-congordc.com\/index.php?rest_route=\/wp\/v2\/pages\/369\/revisions\/1058"}],"wp:attachment":[{"href":"https:\/\/visit-congordc.com\/index.php?rest_route=%2Fwp%2Fv2%2Fmedia&parent=369"}],"curies":[{"name":"wp","href":"https:\/\/api.w.org\/{rel}","templated":true}]}}